e greatest common factor of o and 160.
16
Let k = -254 - -98. Let g = 200 + k. Calculate the highest common divisor of 176 and g.
44
Let p(w) = w**3 + 2*w**2 - 33*w + 17. Let r be p(-7). Suppose -r*b + 3*h + 1107 = 0, -4*b = -b - 2*h - 1112. What is the highest common factor of b and 34?
34
Suppose -20400 = -51*r + 35*r. What is the greatest common divisor of r and 10?
5
Let o(k) = k**3 + 38*k**2 + 67*k - 103. Let l be o(-36). What is the greatest common divisor of 385 and l?
77
Let y be 3349/34 - (-28)/8. Calculate the greatest common divisor of 6 and y.
6
Let c(p) = 3*p**3 + 85*p**2 + 36*p + 280. Let o be c(-28). What is the greatest common factor of o and 12964?
28
Let c(k) = -4*k**3 + 6*k**2 + 2*k - 6. Let i be c(3). Let t = 60 + i. Suppose t*p = 7*p - 41. What is the greatest common divisor of 41 and p?
41
Let s = 5147 - 4987. What is the greatest common divisor of 1800 and s?
40
Let i be 57/(-399) + (-1 - 7416/(-21)). Calculate the highest common factor of i and 1276.
44
Suppose q = -5*m + 575, 8*q - 3*q = -m + 2923. Calculate the highest common factor of 1105 and q.
65
Let a be (-7 + (-385)/(-63))*9/(-2). Suppose -5*r - 5*j = -5, r + 2*r = -a*j + 1. Calculate the highest common divisor of 129 and r.
3
Let o be 2/(-6) - 174/(-36) - (-29)/58. Let z = 48 + -23. Calculate the greatest common factor of z and o.
5
Suppose 28*j - 11162 = 11014. Suppose -j = -32*d + 31*d. What is the greatest common divisor of d and 36?
36
Let f(m) = m**3 + 11*m**2 + 3*m - 12. Let l be f(-10). Let d = -17358 + 17590. Calculate the highest common factor of d and l.
58
Let c = 68 + -48. Let g = -178 - -301. Let p = 183 - g. Calculate the greatest common factor of c and p.
20
Suppose 9*j = -10*j + 95. Suppose 3885 + 406 = 5*k + 3*g, -j*k = 4*g - 4288. Let f be (-3 - k/(-15)) + 1/(-3). What is the greatest common divisor of f and 6?
6
Let g be (-148104)/(-110) + (-40)/(-25) + -1. What is the highest common divisor of 6 and g?
3
Suppose 5*i - 4*c = 24, 4*c = 2*i - 0*i - 12. Let l be (3 + -4)/(i - 5). Suppose -2*s - 228 + 252 = 0. What is the greatest common divisor of s and l?
1
Suppose 3*s + t - 32 = 0, 42*s = 39*s + 3*t + 24. Calculate the highest common factor of s and 3140.
10
Suppose 223*k = 217*k + 240. Calculate the greatest common divisor of k and 1160.
40
Let h = 22426 + -12670. What is the greatest common factor of 36 and h?
36
Let h(z) = -z**3 + 5*z - 3. Let w be h(-4). Suppose 2*j + 839 = 3*s, s - 25*j + 20*j = 284. Let v = s + w. Calculate the highest common factor of v and 40.
40
Let z be 26940/26 + (-27)/(4914/28). Calculate the greatest common factor of 1184 and z.
148
Let i be -3*(-5)/(-3)*-159*1. Calculate the highest common factor of 30 and i.
15
Let z(b) = -b**2 + 6. Let y be z(0). Let w(o) = 2*o**2 - 8*o. Let u be w(y). Let s = -7 - -67. What is the greatest common divisor of u and s?
12
Let d be (((-176)/16)/(-11))/(((-6)/26)/(-3)). What is the highest common divisor of 377 and d?
13
Let w = -33 - -34. Let q(l) = 33*l**3 - l - 44 + 48*l**3 + 44. Let f be q(w). Calculate the greatest common factor of f and 48.
16
Let q be ((-1)/2)/((-2)/576). Let y = 104075 + -104021. Calculate the highest common factor of y and q.
18
Let r be (-1 + (-2)/2 - -483)/(14/126). What is the greatest common factor of 26 and r?
13
Let c be (4 - ((-26)/(-10) + 1))*-10. Suppose q = 4*q. Let i be -4 - (c + 0) - (q + -49). What is the highest common factor of i and 490?
49
Let z = 1487 - 263. Calculate the highest common divisor of z and 561.
51
Let c = 244 - 222. Suppose 0*z = -z + 4*a + c, 0 = z + 5*a - 4. Suppose 0*y = 2*h - 2*y, 0 = -2*h - 3*y + 10. Calculate the highest common factor of z and h.
2
Let g(y) = -3*y**2 - y + 7. Let m be g(5). Let j = -104 - m. Let f = 45 + j. Calculate the highest common divisor of 154 and f.
14
Let v = -3875 - -4967. Calculate the greatest common divisor of v and 312.
156
Let q = -24 - -29. Let i = 13 - q. Suppose -2*g = -2*v - i, 0 = 5*g + 5*v - 11 - 9. What is the greatest common factor of g and 4?
4
Let i(q) = -q**2 - 69*q - 1074. Let r be i(-42). What is the greatest common factor of r and 1536?
12
Let m(r) = -r**3 + 9*r**2 - 9*r + 5. Let w be m(8). Let t(k) = 4*k + k - 2*k - 2*k + k**2. Let f be t(w). Calculate the greatest common divisor of 66 and f.
6
Let o be (28/((-616)/165))/(2/(-12)). What is the highest common factor of 7065 and o?
45
Let j be (-2)/8 + (-21)/(-4). Suppose -5*h + 830 = -2*b - 0*b, 0 = -j*h - 2*b + 850. Let w = -3404 - -3428. What is the highest common divisor of h and w?
24
Let s be 1/((-5)/(31 - 1)). Let v be 3/2 - 81/s. Let k = 11 + -6. Calculate the highest common factor of k and v.
5
Suppose 185*l = 184*l, -4*o - 4*l + 228 = 0. Calculate the greatest common factor of o and 152.
19
Suppose 5*f - b = 155, 96*f + 2*b + 160 = 101*f. Calculate the greatest common divisor of f and 610.
10
Let s = -46044 - -65565. Calculate the highest common factor of 81 and s.
81
Suppose -4*u + 472 = -284. Suppose -3*m + 7*b - 2*b = -u, m - 63 = 2*b. What is the greatest common divisor of m and 18?
9
Let d(p) = p**2 - 26*p - 96. Let g be d(29). Let b(w) = w**3 + 7*w**2 - 17*w + 22. Let v be b(g). What is the highest common divisor of v and 78?
13
Suppose 32*w - 32131 = 11*w + 10*w. Calculate the highest common factor of 46 and w.
23
Let l = 153 - 102. Suppose 0 = -30*z + 27*z + l. Let m(h) = 2*h**3 - 8*h**2 + 14*h - 7. Let t be m(6). What is the greatest common factor of t and z?
17
Let j be ((-446)/(-8))/((-11)/44). Let o = 591 + j. Calculate the greatest common factor of o and 16.
16
Let b be (345/60 - (-3)/12)*(-15)/(-6). Calculate the highest common divisor of 850 and b.
5
Let h = -16409 + 17161. Calculate the highest common factor of 16 and h.
16
Let a(c) = 16*c**2 + 53*c + 1153. Let o be a(-35). Calculate the greatest common factor of 22 and o.
22
Let b = -265 - -304. Let g be 14500/110 + -1 + b/33. Calculate the greatest common factor of g and 176.
44
Suppose 5*u - 10162 = z, -140 = -3*u - z + 5954. What is the greatest common divisor of 32 and u?
16
Let c(y) = y**2 - 60*y - 982. Let t be c(-14). What is the highest common divisor of t and 942?
6
Let k be (13/2 - (24 - 29)) + (-12)/8. Suppose 946 + 54 = 4*m. What is the greatest common factor of m and k?
10
Suppose -r + 6 + 59 = 0. Suppose 13*j + 0*j = r. Suppose g = 39 - j. What is the highest common divisor of g and 51?
17
Suppose -28*c + 5 = -29*c, 0 = -l + 3*c + 639. What is the greatest common factor of 663 and l?
39
Let h be (((-95)/25 + 4)/(-1))/(5/(-325)). Suppose 0 = -3*a + 114 + 159. Calculate the highest common divisor of a and h.
13
Suppose -54 = -4*s + 13*w + 15, 2*s + 4*w - 66 = 0. Let y = 57 - 39. What is the highest common factor of y and s?
9
Suppose -4*q = 4*t - 19 - 1, 3*q + 20 = 2*t. Suppose 0 = 3*c + 4*f - 396, -t*c + 2*c - 4*f + 668 = 0. Calculate the greatest common factor of 8 and c.
8
Let q = 723 - 395. Calculate the highest common factor of q and 41.
41
Let d = 60 - 47. Suppose 6 - 21 = -3*m. Suppose -i + m*y + 16 = -26, 0 = -3*i - 4*y + 164. What is the highest common factor of d and i?
13
Let w be (-1)/(-7) - 5394/(-21). Suppose 323 + w = 4*h. Let x = -119 + h. What is the highest common factor of x and 13?
13
Let l(y) = -y**3 + 98*y**2 + 68*y - 337. Let n be l(98). Calculate the greatest common divisor of 111 and n.
111
Suppose -87*k = 108*k + 4355 - 51155. Suppose 2*x - 3*x = -3*g - 21, 0 = x + 4*g - 7. What is the highest common factor of k and x?
15
Let r be 3/((-13)/((-39)/18) - 7) + 3657. Calculate the greatest common factor of r and 28.
14
Suppose -39 + 15 = -2*b. Let l = -129 - -131. Suppose -l*f = 2*v + v - 64, 3*f + 36 = v. Calculate the greatest common divisor of b and v.
12
Let g(t) = t**3 + 9*t**2 - 17*t - 29. Let p be g(-2). What is the highest common divisor of p and 352?
11
Let x(r) = 2*r**3 + r**2 + 3*r - 2. Let a be x(3). Let k(h) = h**2 + 13*h + 98. Let j be k(-6). What is the highest common factor of j and a?
14
Let z(u) be the second derivative of -1/12*u**4 + 15*u + 0 - 21*u**2 + 3*u**3. Let w be z(12). What is the greatest common divisor of 3 and w?
3
Suppose h + 0*b = 4*b + 32, -5*b - 15 = 0. Suppose 2*c + 178 = -2*p, -5*c + 4*p = 141 + 349. Let u = 99 + c. What is the greatest common factor of u and h?
5
Let a(w)